{"id":238,"date":"2023-11-16T19:37:08","date_gmt":"2023-11-16T19:37:08","guid":{"rendered":"https:\/\/kv-technik.ch\/?page_id=238"},"modified":"2023-11-16T19:40:22","modified_gmt":"2023-11-16T19:40:22","slug":"ueber-uns","status":"publish","type":"page","link":"https:\/\/kv-technik.ch\/?page_id=238","title":{"rendered":"\u00dcber uns"},"content":{"rendered":"<p><\/p>\n<h2 class=\"has-text-align-center\"><strong>Herzlich willkommen bei <em>KV-Technik<\/em><\/strong><\/h2>\n<p><\/p>\n<p class=\"has-text-align-center\">Unser Unternehmen ist stolz darauf, Ihnen ein breites Spektrum an erstklassigen Dienstleistungen anzubieten, die darauf ausgerichtet sind, Ihre individuellen Bed\u00fcrfnisse zu erf\u00fcllen. Mit einem fokussierten Engagement f\u00fcr Exzellenz und Innovation streben wir danach, unsere Kunden in verschiedensten Bereichen zu unterst\u00fctzen.<\/p>\n<p class=\"has-text-align-center\">Wir verstehen, dass jede Anforderung einzigartig ist und bieten daher massgeschneiderte L\u00f6sungen an, die auf Ihre spezifischen Anliegen zugeschnitten sind. Unser erfahrenes Team besteht aus Experten, die ihr Fachwissen nutzen, um herausragende Ergebnisse zu erzielen und Ihnen dabei zu helfen, Ihre Ziele zu erreichen.<\/p>\n<p class=\"has-text-align-center\">Entdecken Sie, wie unsere Dienstleistungen Ihnen einen Mehrwert bieten k\u00f6nnen und kontaktieren Sie uns noch heute, um mehr dar\u00fcber zu erfahren, wie wir Ihnen weiterhelfen k\u00f6nnen.<\/p>\n<p class=\"has-text-align-center\">Wir freuen uns darauf, Ihnen erstklassige Dienstleistungen anzubieten und Sie auf Ihrem Weg zum Erfolg zu begleiten.<\/p>\n\n\n<hr class=\"wp-block-separator has-alpha-channel-opacity\"\/>\n\n\n\n<div class=\"wp-block-buttons is-content-justification-center is-layout-flex wp-container-core-buttons-is-layout-a89b3969 wp-block-buttons-is-layout-flex\">\n<div class=\"wp-block-button\"><a class=\"wp-block-button__link wp-element-button\" href=\"https:\/\/kv-technik.ch\/?page_id=99\">Mehr<\/a><\/div>\n<\/div>\n\n\n\n<hr class=\"wp-block-separator has-alpha-channel-opacity\"\/>\n","protected":false},"excerpt":{"rendered":"<p>Herzlich willkommen bei KV-Technik Unser Unternehmen ist stolz darauf, Ihnen ein breites Spektrum an erstklassigen Dienstleistungen anzubieten, die darauf ausgerichtet sind, Ihre individuellen Bed\u00fcrfnisse zu erf\u00fcllen. Mit einem fokussierten Engagement f\u00fcr Exzellenz und Innovation streben wir danach, unsere Kunden in verschiedensten Bereichen zu unterst\u00fctzen. Wir verstehen, dass jede Anforderung einzigartig [&hellip;]<\/p>\n","protected":false},"author":1,"featured_media":0,"parent":0,"menu_order":0,"comment_status":"closed","ping_status":"closed","template":"","meta":{"footnotes":""},"class_list":["post-238","page","type-page","status-publish","hentry"],"yoast_head":"<!-- This site is optimized with the Yoast SEO plugin v26.6 - https:\/\/yoast.com\/wordpress\/plugins\/seo\/ -->\n<title>\u00dcber uns - KV-Technik<\/title>\n<meta name=\"robots\" content=\"index, follow, max-snippet:-1, max-image-preview:large, max-video-preview:-1\" \/>\n<link rel=\"canonical\" href=\"https:\/\/kv-technik.ch\/?page_id=238\" \/>\n<meta property=\"og:locale\" content=\"de_DE\" \/>\n<meta property=\"og:type\" content=\"article\" \/>\n<meta property=\"og:title\" content=\"\u00dcber uns - KV-Technik\" \/>\n<meta property=\"og:description\" content=\"Herzlich willkommen bei KV-Technik Unser Unternehmen ist stolz darauf, Ihnen ein breites Spektrum an erstklassigen Dienstleistungen anzubieten, die darauf ausgerichtet sind, Ihre individuellen Bed\u00fcrfnisse zu erf\u00fcllen. Mit einem fokussierten Engagement f\u00fcr Exzellenz und Innovation streben wir danach, unsere Kunden in verschiedensten Bereichen zu unterst\u00fctzen. Wir verstehen, dass jede Anforderung einzigartig [&hellip;]\" \/>\n<meta property=\"og:url\" content=\"https:\/\/kv-technik.ch\/?page_id=238\" \/>\n<meta property=\"og:site_name\" content=\"KV-Technik\" \/>\n<meta property=\"article:modified_time\" content=\"2023-11-16T19:40:22+00:00\" \/>\n<meta name=\"twitter:card\" content=\"summary_large_image\" \/>\n<meta name=\"twitter:label1\" content=\"Gesch\u00e4tzte Lesezeit\" \/>\n\t<meta name=\"twitter:data1\" content=\"1\u00a0Minute\" \/>\n<script type=\"application\/ld+json\" class=\"yoast-schema-graph\">{\"@context\":\"https:\/\/schema.org\",\"@graph\":[{\"@type\":\"WebPage\",\"@id\":\"https:\/\/kv-technik.ch\/?page_id=238\",\"url\":\"https:\/\/kv-technik.ch\/?page_id=238\",\"name\":\"\u00dcber uns - KV-Technik\",\"isPartOf\":{\"@id\":\"https:\/\/kv-technik.ch\/#website\"},\"datePublished\":\"2023-11-16T19:37:08+00:00\",\"dateModified\":\"2023-11-16T19:40:22+00:00\",\"breadcrumb\":{\"@id\":\"https:\/\/kv-technik.ch\/?page_id=238#breadcrumb\"},\"inLanguage\":\"de\",\"potentialAction\":[{\"@type\":\"ReadAction\",\"target\":[\"https:\/\/kv-technik.ch\/?page_id=238\"]}]},{\"@type\":\"BreadcrumbList\",\"@id\":\"https:\/\/kv-technik.ch\/?page_id=238#breadcrumb\",\"itemListElement\":[{\"@type\":\"ListItem\",\"position\":1,\"name\":\"Startseite\",\"item\":\"https:\/\/kv-technik.ch\/\"},{\"@type\":\"ListItem\",\"position\":2,\"name\":\"\u00dcber uns\"}]},{\"@type\":\"WebSite\",\"@id\":\"https:\/\/kv-technik.ch\/#website\",\"url\":\"https:\/\/kv-technik.ch\/\",\"name\":\"KV-Technik\",\"description\":\"\",\"potentialAction\":[{\"@type\":\"SearchAction\",\"target\":{\"@type\":\"EntryPoint\",\"urlTemplate\":\"https:\/\/kv-technik.ch\/?s={search_term_string}\"},\"query-input\":{\"@type\":\"PropertyValueSpecification\",\"valueRequired\":true,\"valueName\":\"search_term_string\"}}],\"inLanguage\":\"de\"}]}<\/script>\n<!-- \/ Yoast SEO plugin. -->","yoast_head_json":{"title":"\u00dcber uns - KV-Technik","robots":{"index":"index","follow":"follow","max-snippet":"max-snippet:-1","max-image-preview":"max-image-preview:large","max-video-preview":"max-video-preview:-1"},"canonical":"https:\/\/kv-technik.ch\/?page_id=238","og_locale":"de_DE","og_type":"article","og_title":"\u00dcber uns - KV-Technik","og_description":"Herzlich willkommen bei KV-Technik Unser Unternehmen ist stolz darauf, Ihnen ein breites Spektrum an erstklassigen Dienstleistungen anzubieten, die darauf ausgerichtet sind, Ihre individuellen Bed\u00fcrfnisse zu erf\u00fcllen. Mit einem fokussierten Engagement f\u00fcr Exzellenz und Innovation streben wir danach, unsere Kunden in verschiedensten Bereichen zu unterst\u00fctzen. Wir verstehen, dass jede Anforderung einzigartig [&hellip;]","og_url":"https:\/\/kv-technik.ch\/?page_id=238","og_site_name":"KV-Technik","article_modified_time":"2023-11-16T19:40:22+00:00","twitter_card":"summary_large_image","twitter_misc":{"Gesch\u00e4tzte Lesezeit":"1\u00a0Minute"},"schema":{"@context":"https:\/\/schema.org","@graph":[{"@type":"WebPage","@id":"https:\/\/kv-technik.ch\/?page_id=238","url":"https:\/\/kv-technik.ch\/?page_id=238","name":"\u00dcber uns - KV-Technik","isPartOf":{"@id":"https:\/\/kv-technik.ch\/#website"},"datePublished":"2023-11-16T19:37:08+00:00","dateModified":"2023-11-16T19:40:22+00:00","breadcrumb":{"@id":"https:\/\/kv-technik.ch\/?page_id=238#breadcrumb"},"inLanguage":"de","potentialAction":[{"@type":"ReadAction","target":["https:\/\/kv-technik.ch\/?page_id=238"]}]},{"@type":"BreadcrumbList","@id":"https:\/\/kv-technik.ch\/?page_id=238#breadcrumb","itemListElement":[{"@type":"ListItem","position":1,"name":"Startseite","item":"https:\/\/kv-technik.ch\/"},{"@type":"ListItem","position":2,"name":"\u00dcber uns"}]},{"@type":"WebSite","@id":"https:\/\/kv-technik.ch\/#website","url":"https:\/\/kv-technik.ch\/","name":"KV-Technik","description":"","potentialAction":[{"@type":"SearchAction","target":{"@type":"EntryPoint","urlTemplate":"https:\/\/kv-technik.ch\/?s={search_term_string}"},"query-input":{"@type":"PropertyValueSpecification","valueRequired":true,"valueName":"search_term_string"}}],"inLanguage":"de"}]}},"_links":{"self":[{"href":"https:\/\/kv-technik.ch\/index.php?rest_route=\/wp\/v2\/pages\/238","targetHints":{"allow":["GET"]}}],"collection":[{"href":"https:\/\/kv-technik.ch\/index.php?rest_route=\/wp\/v2\/pages"}],"about":[{"href":"https:\/\/kv-technik.ch\/index.php?rest_route=\/wp\/v2\/types\/page"}],"author":[{"embeddable":true,"href":"https:\/\/kv-technik.ch\/index.php?rest_route=\/wp\/v2\/users\/1"}],"replies":[{"embeddable":true,"href":"https:\/\/kv-technik.ch\/index.php?rest_route=%2Fwp%2Fv2%2Fcomments&post=238"}],"version-history":[{"count":3,"href":"https:\/\/kv-technik.ch\/index.php?rest_route=\/wp\/v2\/pages\/238\/revisions"}],"predecessor-version":[{"id":245,"href":"https:\/\/kv-technik.ch\/index.php?rest_route=\/wp\/v2\/pages\/238\/revisions\/245"}],"wp:attachment":[{"href":"https:\/\/kv-technik.ch\/index.php?rest_route=%2Fwp%2Fv2%2Fmedia&parent=238"}],"curies":[{"name":"wp","href":"https:\/\/api.w.org\/{rel}","templated":true}]}}